{"id":36,"date":"2017-01-31T03:03:57","date_gmt":"2017-01-31T02:03:57","guid":{"rendered":"http:\/\/skiwerkstatt-pirna.de\/cms\/?page_id=36"},"modified":"2024-02-01T11:52:59","modified_gmt":"2024-02-01T10:52:59","slug":"ueber-uns","status":"publish","type":"page","link":"http:\/\/skiwerkstatt-pirna.de\/cms\/ueber-uns\/","title":{"rendered":"\u00dcber uns"},"content":{"rendered":"\n<style type=\"text\/css\" data-created_by=\"avia_inline_auto\" id=\"style-css-av-8hxj4-8d804aefb2dca7019c8a2c99f8060985\">\n.avia-section.av-8hxj4-8d804aefb2dca7019c8a2c99f8060985{\nbackground-repeat:no-repeat;\nbackground-image:url(http:\/\/skiwerkstatt-pirna.de\/cms\/wp-content\/uploads\/2017\/01\/header3-1-1500x500.jpg);\nbackground-position:50% 50%;\nbackground-attachment:scroll;\n}\n<\/style>\n<div id='av_section_1'  class='avia-section av-8hxj4-8d804aefb2dca7019c8a2c99f8060985 header_color avia-section-default avia-shadow  avia-builder-el-0  el_before_av_heading  avia-builder-el-first  avia-bg-style-scroll av-minimum-height av-minimum-height-custom  container_wrap fullsize'  data-section-bg-repeat='no-repeat'><div class='container av-section-cont-open' style='height:420px'><main  role=\"main\" itemprop=\"mainContentOfPage\"  class='template-page content  av-content-full alpha units'><div class='post-entry post-entry-type-page post-entry-36'><div class='entry-content-wrapper clearfix'><\/div><\/div><\/main><!-- close content main element --><\/div><\/div><div id='after_section_1'  class='main_color av_default_container_wrap container_wrap fullsize'  ><div class='container av-section-cont-open' ><div class='template-page content  av-content-full alpha units'><div class='post-entry post-entry-type-page post-entry-36'><div class='entry-content-wrapper clearfix'>\n\n<style type=\"text\/css\" data-created_by=\"avia_inline_auto\" id=\"style-css-av-sey0-4a00b16d70a211cb0571e7af267bfcc9\">\n#top .av-special-heading.av-sey0-4a00b16d70a211cb0571e7af267bfcc9{\npadding-bottom:10px;\n}\nbody .av-special-heading.av-sey0-4a00b16d70a211cb0571e7af267bfcc9 .av-special-heading-tag .heading-char{\nfont-size:25px;\n}\n.av-special-heading.av-sey0-4a00b16d70a211cb0571e7af267bfcc9 .av-subheading{\nfont-size:15px;\n}\n<\/style>\n<div  class='av-special-heading av-sey0-4a00b16d70a211cb0571e7af267bfcc9 av-special-heading-h1  avia-builder-el-1  el_after_av_section  el_before_av_one_half  avia-builder-el-first '><h1 class='av-special-heading-tag'  itemprop=\"headline\"  >Die Skiwerkstatt<\/h1><div class=\"special-heading-border\"><div class=\"special-heading-inner-border\"><\/div><\/div><\/div>\n\n<style type=\"text\/css\" data-created_by=\"avia_inline_auto\" id=\"style-css-av-79kb4-3cb92c55669bc1e171300a31c6162139\">\n.flex_column.av-79kb4-3cb92c55669bc1e171300a31c6162139{\nborder-radius:0px 0px 0px 0px;\n-webkit-border-radius:0px 0px 0px 0px;\n-moz-border-radius:0px 0px 0px 0px;\n}\n<\/style>\n<div class='flex_column av-79kb4-3cb92c55669bc1e171300a31c6162139 av_one_half  avia-builder-el-2  el_after_av_heading  el_before_av_one_half  first flex_column_div av-zero-column-padding '   ><div   data-size='portfolio'  data-lightbox_size='large'  data-animation='slide'  data-conditional_play=''  data-ids='309,311,312,313,310'  data-video_counter='0'  data-autoplay='true'  data-bg_slider='false'  data-slide_height=''  data-handle='av_slideshow'  data-interval='6'  data-class=' avia-builder-el-3  avia-builder-el-no-sibling   avia-small-width-slider'  data-el_id=''  data-css_id=''  data-scroll_down=''  data-control_layout='av-control-minimal'  data-custom_markup=''  data-perma_caption=''  data-autoplay_stopper=''  data-image_attachment=''  data-min_height='0px'  data-lazy_loading='disabled'  data-img_scrset=''  data-default-height='80.808080808081'  class='avia-slideshow avia-slideshow-1  av-control-minimal av-default-height-applied avia-slideshow-portfolio av_slideshow  avia-builder-el-3  avia-builder-el-no-sibling   avia-small-width-slider avia-slide-slider '  itemprop=\"image\" itemscope=\"itemscope\" itemtype=\"https:\/\/schema.org\/ImageObject\" ><ul class='avia-slideshow-inner ' style='padding-bottom: 80.808080808081%;' ><li  class=' slide-1 ' ><div data-rel='slideshow-1' class='avia-slide-wrap '   ><img decoding=\"async\" class=\"wp-image-309 avia-img-lazy-loading-not-309\"  src=\"http:\/\/skiwerkstatt-pirna.de\/cms\/wp-content\/uploads\/2017\/03\/Skiwerkstatt_-pirna-1-1030x684-495x400.jpg\" width=\"495\" height=\"400\" title='Skiwerkstatt_-pirna-1-1030x684' alt=''  itemprop=\"thumbnailUrl\" srcset=\"http:\/\/skiwerkstatt-pirna.de\/cms\/wp-content\/uploads\/2017\/03\/Skiwerkstatt_-pirna-1-1030x684-495x400.jpg 495w, http:\/\/skiwerkstatt-pirna.de\/cms\/wp-content\/uploads\/2017\/03\/Skiwerkstatt_-pirna-1-1030x684-845x684.jpg 845w\" sizes=\"(max-width: 495px) 100vw, 495px\" \/><\/div><\/li><li  class=' slide-2 ' ><div data-rel='slideshow-1' class='avia-slide-wrap '   ><img decoding=\"async\" class=\"wp-image-311 avia-img-lazy-loading-not-311\"  src=\"http:\/\/skiwerkstatt-pirna.de\/cms\/wp-content\/uploads\/2017\/03\/Skiwerkstatt-pirna_15-684x1030-e1677228786917-495x400.jpg\" width=\"495\" height=\"400\" title='Montage-Service' alt=''  itemprop=\"thumbnailUrl\"   \/><\/div><\/li><li  class=' slide-3 ' ><div data-rel='slideshow-1' class='avia-slide-wrap '   ><img decoding=\"async\" class=\"wp-image-312 avia-img-lazy-loading-not-312\"  src=\"http:\/\/skiwerkstatt-pirna.de\/cms\/wp-content\/uploads\/2017\/03\/Skiwerkstatt-pirna_18-1030x684-495x400.jpg\" width=\"495\" height=\"400\" title='Montage-Service' alt=''  itemprop=\"thumbnailUrl\" srcset=\"http:\/\/skiwerkstatt-pirna.de\/cms\/wp-content\/uploads\/2017\/03\/Skiwerkstatt-pirna_18-1030x684-495x400.jpg 495w, http:\/\/skiwerkstatt-pirna.de\/cms\/wp-content\/uploads\/2017\/03\/Skiwerkstatt-pirna_18-1030x684-845x684.jpg 845w\" sizes=\"(max-width: 495px) 100vw, 495px\" \/><\/div><\/li><li  class=' slide-4 ' ><div data-rel='slideshow-1' class='avia-slide-wrap '   ><img decoding=\"async\" class=\"wp-image-313 avia-img-lazy-loading-not-313\"  src=\"http:\/\/skiwerkstatt-pirna.de\/cms\/wp-content\/uploads\/2017\/03\/Skiwerkstatt-pirna-27-1030x684-495x400.jpg\" width=\"495\" height=\"400\" title='Skiwerkstatt-Pirna' alt='Skiwerkstatt - Professiolelle Handarbeit f\u00fcr Ski und Snowboard'  itemprop=\"thumbnailUrl\" srcset=\"http:\/\/skiwerkstatt-pirna.de\/cms\/wp-content\/uploads\/2017\/03\/Skiwerkstatt-pirna-27-1030x684-495x400.jpg 495w, http:\/\/skiwerkstatt-pirna.de\/cms\/wp-content\/uploads\/2017\/03\/Skiwerkstatt-pirna-27-1030x684-845x684.jpg 845w\" sizes=\"(max-width: 495px) 100vw, 495px\" \/><\/div><\/li><li  class=' slide-5 ' ><div data-rel='slideshow-1' class='avia-slide-wrap '   ><img decoding=\"async\" class=\"wp-image-310 avia-img-lazy-loading-not-310\"  src=\"http:\/\/skiwerkstatt-pirna.de\/cms\/wp-content\/uploads\/2017\/03\/Skiwerkstatt-pirna_6-1030x684-495x400.jpg\" width=\"495\" height=\"400\" title='Skiwerkstatt-pirna_6-1030x684' alt=''  itemprop=\"thumbnailUrl\"   \/><\/div><\/li><\/ul><div class='avia-slideshow-arrows avia-slideshow-controls' ><a href='#prev' class='prev-slide ' aria-hidden='true' data-av_icon='\ue87c' data-av_iconfont='entypo-fontello'  tabindex='-1'>Zur\u00fcck<\/a><a href='#next' class='next-slide ' aria-hidden='true' data-av_icon='\ue87d' data-av_iconfont='entypo-fontello'  tabindex='-1'>Weiter<\/a><\/div><div class='avia-slideshow-dots avia-slideshow-controls'><a href='#1' class='goto-slide active' >1<\/a><a href='#2' class='goto-slide ' >2<\/a><a href='#3' class='goto-slide ' >3<\/a><a href='#4' class='goto-slide ' >4<\/a><a href='#5' class='goto-slide ' >5<\/a><\/div><\/div><\/div>\n\n<style type=\"text\/css\" data-created_by=\"avia_inline_auto\" id=\"style-css-av-33u9g-40a43c8166444709be44f6506f223ad8\">\n.flex_column.av-33u9g-40a43c8166444709be44f6506f223ad8{\nborder-radius:0px 0px 0px 0px;\n-webkit-border-radius:0px 0px 0px 0px;\n-moz-border-radius:0px 0px 0px 0px;\n}\n<\/style>\n<div class='flex_column av-33u9g-40a43c8166444709be44f6506f223ad8 av_one_half  avia-builder-el-4  el_after_av_one_half  el_before_av_one_fifth  flex_column_div av-zero-column-padding '   ><section  class='av_textblock_section av-2nuvk-c2a3a55bc292132e543a506ad907bcbc'  itemscope=\"itemscope\" itemtype=\"https:\/\/schema.org\/CreativeWork\" ><div class='avia_textblock'  itemprop=\"text\" ><p>Du findest mich und meine Skiwerkstatt in Graupa auf der Professor-Ga\u00dfmeyer-Stra\u00dfe 22 im Innenhof.<\/p>\n<p><strong>\u00d6ffnungszeiten<\/strong><\/p>\n<ul>\n<li>Montag bis Donnerstag ab 16:30 Uhr<\/li>\n<li>Freitag ab 14:00 Uhr<\/li>\n<li>Samstag ab 9:30 Uhr<\/li>\n<\/ul>\n<p>Als begeisterter und leidenschaftlicher Wintersportler, mit langj\u00e4hriger Erfahrung im Bereich Ski- &amp; Snowboard-Service, habe ich mich im Fr\u00fchjahr 2016 dazu entschlossen, eine eigene Ski-&amp; Snowboard-Werkstatt zu er\u00f6ffnen.<\/p>\n<p>Um einen optimalen Service zu erzielen, arbeite ich mit Profiger\u00e4ten der Firma Wintersteiger. Somit biete ich Dir einen professionellen und qualitativ hochwertigen Service f\u00fcr Deine Winterausr\u00fcstung f\u00fcr<\/p>\n<h4>&#8222;Mehr Spa\u00df im Schnee&#8220;.<\/h4>\n<\/div><\/section><\/div>\n<style type=\"text\/css\" data-created_by=\"avia_inline_auto\" id=\"style-css-av-av_one_fifth-2e2797562c1dee77fd1c4a81bc25f381\">\n.flex_column.av-av_one_fifth-2e2797562c1dee77fd1c4a81bc25f381{\nborder-radius:0px 0px 0px 0px;\n-webkit-border-radius:0px 0px 0px 0px;\n-moz-border-radius:0px 0px 0px 0px;\n}\n<\/style>\n<div class='flex_column av-av_one_fifth-2e2797562c1dee77fd1c4a81bc25f381 av_one_fifth  avia-builder-el-6  el_after_av_one_half  el_before_av_four_fifth  first flex_column_div av-zero-column-padding column-top-margin'   ><style type=\"text\/css\" data-created_by=\"avia_inline_auto\" id=\"style-css-av-23bu0-6ffc686891e52985aabf9099dda4f013\">\n.av_font_icon.av-23bu0-6ffc686891e52985aabf9099dda4f013{\ncolor:#719430;\nborder-color:#719430;\n}\n.av_font_icon.av-23bu0-6ffc686891e52985aabf9099dda4f013 .av-icon-char{\nfont-size:20px;\nline-height:20px;\nwidth:20px;\n}\n<\/style>\n<span  class='av_font_icon av-23bu0-6ffc686891e52985aabf9099dda4f013 avia_animate_when_visible av-icon-style-border avia-icon-pos-center avia-icon-animate'><span class='av-icon-char' aria-hidden='true' data-av_icon='\ue8b1' data-av_iconfont='entypo-fontello' data-avia-icon-tooltip=\"&lt;br \/&gt;\nHier bekommst du einen exklusiven Einblick in die Skiwerkstatt&lt;br \/&gt;\n\"><\/span><span class='av_icon_caption av-special-font'>360\u00b0-Rundgang<\/span><\/span><\/div>\n<style type=\"text\/css\" data-created_by=\"avia_inline_auto\" id=\"style-css-av-1itk8-629f96b3d00824ad4669738f09ad8092\">\n.flex_column.av-1itk8-629f96b3d00824ad4669738f09ad8092{\nborder-radius:0px 0px 0px 0px;\n-webkit-border-radius:0px 0px 0px 0px;\n-moz-border-radius:0px 0px 0px 0px;\n}\n<\/style>\n<div class='flex_column av-1itk8-629f96b3d00824ad4669738f09ad8092 av_four_fifth  avia-builder-el-8  el_after_av_one_fifth  avia-builder-el-last  flex_column_div av-zero-column-padding column-top-margin'   ><\/div><\/p>\n","protected":false},"excerpt":{"rendered":"","protected":false},"author":1,"featured_media":0,"parent":0,"menu_order":0,"comment_status":"closed","ping_status":"closed","template":"","meta":{"footnotes":""},"class_list":["post-36","page","type-page","status-publish","hentry"],"_links":{"self":[{"href":"http:\/\/skiwerkstatt-pirna.de\/cms\/wp-json\/wp\/v2\/pages\/36","targetHints":{"allow":["GET"]}}],"collection":[{"href":"http:\/\/skiwerkstatt-pirna.de\/cms\/wp-json\/wp\/v2\/pages"}],"about":[{"href":"http:\/\/skiwerkstatt-pirna.de\/cms\/wp-json\/wp\/v2\/types\/page"}],"author":[{"embeddable":true,"href":"http:\/\/skiwerkstatt-pirna.de\/cms\/wp-json\/wp\/v2\/users\/1"}],"replies":[{"embeddable":true,"href":"http:\/\/skiwerkstatt-pirna.de\/cms\/wp-json\/wp\/v2\/comments?post=36"}],"version-history":[{"count":23,"href":"http:\/\/skiwerkstatt-pirna.de\/cms\/wp-json\/wp\/v2\/pages\/36\/revisions"}],"predecessor-version":[{"id":605,"href":"http:\/\/skiwerkstatt-pirna.de\/cms\/wp-json\/wp\/v2\/pages\/36\/revisions\/605"}],"wp:attachment":[{"href":"http:\/\/skiwerkstatt-pirna.de\/cms\/wp-json\/wp\/v2\/media?parent=36"}],"curies":[{"name":"wp","href":"https:\/\/api.w.org\/{rel}","templated":true}]}}