{"id":2,"date":"2017-01-31T02:06:05","date_gmt":"2017-01-31T01:06:05","guid":{"rendered":"http:\/\/skiwerkstatt-pirna.de\/cms\/?page_id=2"},"modified":"2023-02-24T09:55:59","modified_gmt":"2023-02-24T08:55:59","slug":"start","status":"publish","type":"page","link":"http:\/\/skiwerkstatt-pirna.de\/cms\/","title":{"rendered":"Startseite"},"content":{"rendered":"\n<style type=\"text\/css\" data-created_by=\"avia_inline_auto\" id=\"style-css-av-tryw-12876332a17381c1e1bdd7b3ecd58412\">\n.avia-section.av-tryw-12876332a17381c1e1bdd7b3ecd58412{\nbackground-repeat:no-repeat;\nbackground-image:url(http:\/\/skiwerkstatt-pirna.de\/cms\/wp-content\/uploads\/2017\/01\/header7-1-1500x500.jpg);\nbackground-position:50% 50%;\nbackground-attachment:scroll;\n}\n<\/style>\n<div id='av_section_1'  class='avia-section av-tryw-12876332a17381c1e1bdd7b3ecd58412 header_color avia-section-default avia-shadow  avia-builder-el-0  el_before_av_one_half  avia-builder-el-first  avia-bg-style-scroll av-minimum-height av-minimum-height-custom  container_wrap fullsize'  data-section-bg-repeat='no-repeat'><div class='container av-section-cont-open' style='height:420px'><main  role=\"main\" itemprop=\"mainContentOfPage\"  class='template-page content  av-content-full alpha units'><div class='post-entry post-entry-type-page post-entry-2'><div class='entry-content-wrapper clearfix'><\/div><\/div><\/main><!-- close content main element --><\/div><\/div><div id='after_section_1'  class='main_color av_default_container_wrap container_wrap fullsize'  ><div class='container av-section-cont-open' ><div class='template-page content  av-content-full alpha units'><div class='post-entry post-entry-type-page post-entry-2'><div class='entry-content-wrapper clearfix'>\n\n<style type=\"text\/css\" data-created_by=\"avia_inline_auto\" id=\"style-css-av-q330-4179285ebad8c25f7fa9f4a0c5019895\">\n.flex_column.av-q330-4179285ebad8c25f7fa9f4a0c5019895{\nborder-radius:0px 0px 0px 0px;\n-webkit-border-radius:0px 0px 0px 0px;\n-moz-border-radius:0px 0px 0px 0px;\n}\n<\/style>\n<div class='flex_column av-q330-4179285ebad8c25f7fa9f4a0c5019895 av_one_half  avia-builder-el-1  el_after_av_section  el_before_av_one_half  avia-builder-el-first  first flex_column_div av-zero-column-padding '   ><section  class='av_textblock_section av-ojsg-142b404a4544a4c87b5700ecf94aa1ef'  itemscope=\"itemscope\" itemtype=\"https:\/\/schema.org\/CreativeWork\" ><div class='avia_textblock'  itemprop=\"text\" ><p><strong>Noch keine Geschenkidee?<\/strong><\/p>\n<p>Jetzt Gutscheine zum verschenken f\u00fcr professionellen Ski- &#038; Snowboardservice.<\/p>\n<\/div><\/section><\/div>\n\n<style type=\"text\/css\" data-created_by=\"avia_inline_auto\" id=\"style-css-av-mu96-77d5b1f8c7c1cae9fae97fded732add0\">\n.flex_column.av-mu96-77d5b1f8c7c1cae9fae97fded732add0{\nborder-radius:0px 0px 0px 0px;\n-webkit-border-radius:0px 0px 0px 0px;\n-moz-border-radius:0px 0px 0px 0px;\n}\n<\/style>\n<div class='flex_column av-mu96-77d5b1f8c7c1cae9fae97fded732add0 av_one_half  avia-builder-el-3  el_after_av_one_half  el_before_av_heading  flex_column_div av-zero-column-padding '   ><div  class='avia-button-wrap avia-button-right  avia-builder-el-4  avia-builder-el-no-sibling ' ><a href='http:\/\/skiwerkstatt-pirna.de\/cms\/preise\/'  class='avia-button av-ju5s-af28fa65f95363cffe02769e7a7f64d1 avia-icon_select-yes-left-icon avia-size-x-large avia-position-right avia-color-theme-color' ><span class='avia_button_icon avia_button_icon_left' aria-hidden='true' data-av_icon='\ue808' data-av_iconfont='entypo-fontello'><\/span><span class='avia_iconbox_title' >NEU Schlittschuh schleifen!<\/span><\/a><\/div><\/div>\n\n<style type=\"text\/css\" data-created_by=\"avia_inline_auto\" id=\"style-css-av-iabs-251d201dbf2c9abef1d32656118307bf\">\n#top .av-special-heading.av-iabs-251d201dbf2c9abef1d32656118307bf{\npadding-bottom:16px;\nfont-size:45px;\n}\nbody .av-special-heading.av-iabs-251d201dbf2c9abef1d32656118307bf .av-special-heading-tag .heading-char{\nfont-size:25px;\n}\n#top #wrap_all .av-special-heading.av-iabs-251d201dbf2c9abef1d32656118307bf .av-special-heading-tag{\nfont-size:45px;\n}\n.av-special-heading.av-iabs-251d201dbf2c9abef1d32656118307bf .av-subheading{\nfont-size:15px;\n}\n<\/style>\n<div  class='av-special-heading av-iabs-251d201dbf2c9abef1d32656118307bf av-special-heading-h1 blockquote modern-quote modern-centered  avia-builder-el-5  el_after_av_one_half  el_before_av_masonry_gallery  avia-builder-el-last  av-inherit-size'><h1 class='av-special-heading-tag'  itemprop=\"headline\"  >Professionelle Handarbeit f\u00fcr<br \/>\nSki <span class='special_amp'>&amp;<\/span> Snowboard<\/h1><div class=\"special-heading-border\"><div class=\"special-heading-inner-border\"><\/div><\/div><\/div>\n<div id='av-masonry-1' class='av-masonry av-fg92-0ac68491a43357c1167d0dc2bc4e5377 noHover av-fixed-size av-large-gap av-hover-overlay-active av-masonry-animation-active av-masonry-col-3 av-caption-always av-caption-style- av-masonry-gallery '><div class=\"av-masonry-container isotope av-js-disabled\"><div class='av-masonry-entry isotope-item av-masonry-item-no-image '><\/div><a href=\"\/cms\/service\/ski-service\/\"  aria-label=\"Bild Ski-Service\"  id='av-masonry-1-item-19' data-av-masonry-item='19' class='av-masonry-entry isotope-item post-19 attachment type-attachment status-inherit hentry  av-masonry-item-with-image' title=\"Ski-Service\" alt=\"Skifahrer hat Spa\u00df im Schnee\"   itemprop=\"thumbnailUrl\" ><div class='av-inner-masonry-sizer'><\/div><figure class='av-inner-masonry main_color'><div class=\"av-masonry-outerimage-container\"><div class='av-masonry-image-container' style=\"background-image: url(http:\/\/skiwerkstatt-pirna.de\/cms\/wp-content\/uploads\/2017\/01\/header1-1-705x220.jpg);\"  title=\"Ski-Service\"   alt=\"Skifahrer hat Spa\u00df im Schnee\" ><\/div><\/div><figcaption class='av-inner-masonry-content site-background'><div class='av-inner-masonry-content-pos'><div class='av-inner-masonry-content-pos-content'><div class='avia-arrow'><\/div><h3 class='av-masonry-entry-title entry-title '  itemprop=\"headline\" >Ski-Service<\/h3><\/div><\/div><\/figcaption><\/figure><\/a><!--end av-masonry entry--><a href=\"\/cms\/service\/snowboard-service\/\"  aria-label=\"Bild Snowboard-Service\"  id='av-masonry-1-item-332' data-av-masonry-item='332' class='av-masonry-entry isotope-item post-332 attachment type-attachment status-inherit hentry  av-masonry-item-with-image' title=\"Snowboard-Service\" alt=\"Snowboard fahren im Winterurlaub\"   itemprop=\"thumbnailUrl\" ><div class='av-inner-masonry-sizer'><\/div><figure class='av-inner-masonry main_color'><div class=\"av-masonry-outerimage-container\"><div class='av-masonry-image-container' style=\"background-image: url(http:\/\/skiwerkstatt-pirna.de\/cms\/wp-content\/uploads\/2017\/03\/snowboard_service--705x327.jpg);\"  title=\"Snowboard-Service\"   alt=\"Snowboard fahren im Winterurlaub\" ><\/div><\/div><figcaption class='av-inner-masonry-content site-background'><div class='av-inner-masonry-content-pos'><div class='av-inner-masonry-content-pos-content'><div class='avia-arrow'><\/div><h3 class='av-masonry-entry-title entry-title '  itemprop=\"headline\" >Snowboard-Service<\/h3><\/div><\/div><\/figcaption><\/figure><\/a><!--end av-masonry entry--><a href=\"\/cms\/montage-service\/\"  aria-label=\"Bild Montage-Service\"  id='av-masonry-1-item-311' data-av-masonry-item='311' class='av-masonry-entry isotope-item post-311 attachment type-attachment status-inherit hentry  av-masonry-item-with-image' title=\"Montage-Service\" alt=\"\"   itemprop=\"thumbnailUrl\" ><div class='av-inner-masonry-sizer'><\/div><figure class='av-inner-masonry main_color'><div class=\"av-masonry-outerimage-container\"><div class='av-masonry-image-container' style=\"background-image: url(http:\/\/skiwerkstatt-pirna.de\/cms\/wp-content\/uploads\/2017\/03\/Skiwerkstatt-pirna_15-684x1030-e1677228786917-587x705.jpg);\"  title=\"Montage-Service\"  ><\/div><\/div><figcaption class='av-inner-masonry-content site-background'><div class='av-inner-masonry-content-pos'><div class='av-inner-masonry-content-pos-content'><div class='avia-arrow'><\/div><h3 class='av-masonry-entry-title entry-title '  itemprop=\"headline\" >Montage-Service<\/h3><\/div><\/div><\/figcaption><\/figure><\/a><!--end av-masonry entry--><\/div><\/div>\n\n<style type=\"text\/css\" data-created_by=\"avia_inline_auto\" id=\"style-css-av-dh84-41f01325dd2ca782d011f099477d10f0\">\n.avia-section.av-dh84-41f01325dd2ca782d011f099477d10f0{\nbackground-color:#719430;\n}\n<\/style>\n<div id='av_section_2'  class='avia-section av-dh84-41f01325dd2ca782d011f099477d10f0 main_color avia-section-small avia-no-border-styling  avia-builder-el-7  el_after_av_masonry_gallery  el_before_av_section  avia-bg-style-scroll container_wrap fullsize'  ><div class='container av-section-cont-open' ><div class='template-page content  av-content-full alpha units'><div class='post-entry post-entry-type-page post-entry-2'><div class='entry-content-wrapper clearfix'>\n<section  class='av_textblock_section av-b6cs-699578cff2aa5439e89a26aae76a3afb'  itemscope=\"itemscope\" itemtype=\"https:\/\/schema.org\/CreativeWork\" ><div class='avia_textblock'  itemprop=\"text\" ><h4 style=\"text-align: center; font-weight: normal; line-height: 1.3;\"><span style=\"color: #ffffff;\">In unserem Skiservice bekommen Ski und Snowboard nur das Beste.<\/span><br \/>\n<span style=\"color: #ffffff;\">Belag schleifen, wachsen, reparieren &#038; polieren \u2713 Lauffl\u00e4che mit Struktur versehen \u2713 Bindung montieren &#038; einstellen \u2713<br \/>\n<\/span><\/h4>\n<\/div><\/section>\n\n<\/div><\/div><\/div><!-- close content main div --><\/div><\/div>\n<style type=\"text\/css\" data-created_by=\"avia_inline_auto\" id=\"style-css-av-wrs-ecb4c40e477ae67b3b3a37d00ae96dda\">\n.avia-section.av-wrs-ecb4c40e477ae67b3b3a37d00ae96dda{\nbackground-color:#ffffff;\n}\n<\/style>\n<div id='av_section_3'  class='avia-section av-wrs-ecb4c40e477ae67b3b3a37d00ae96dda main_color avia-section-default avia-no-shadow  avia-builder-el-9  el_after_av_section  avia-builder-el-last  avia-bg-style-scroll container_wrap fullsize'  ><div class='container av-section-cont-open' ><div class='template-page content  av-content-full alpha units'><div class='post-entry post-entry-type-page post-entry-2'><div class='entry-content-wrapper clearfix'>\n\n<style type=\"text\/css\" data-created_by=\"avia_inline_auto\" id=\"style-css-av-75i2-0a9dacb41dff72d32f3c4f35f4a74aa6\">\n.flex_column.av-75i2-0a9dacb41dff72d32f3c4f35f4a74aa6{\nborder-radius:0px 0px 0px 0px;\n-webkit-border-radius:0px 0px 0px 0px;\n-moz-border-radius:0px 0px 0px 0px;\npadding:20px 20px 20px 20px;\n}\n<\/style>\n<div class='flex_column av-75i2-0a9dacb41dff72d32f3c4f35f4a74aa6 av_one_full  avia-builder-el-10  avia-builder-el-no-sibling  first flex_column_div '   ><article  class='iconbox iconbox_top av-4tja-d0aa443db6481c211ff32171c18c1a90  avia-builder-el-11  avia-builder-el-no-sibling  main_color'  itemscope=\"itemscope\" itemtype=\"https:\/\/schema.org\/CreativeWork\" ><div class=\"iconbox_content\"><header class=\"entry-content-header\"><div class=\"iconbox_icon heading-color\" aria-hidden='true' data-av_icon='\ue856' data-av_iconfont='entypo-fontello'><\/div><h3 class='iconbox_content_title '  itemprop=\"headline\" >Professioneller Skiservice in Pirna<\/h3><\/header><div class='iconbox_content_container '  itemprop=\"text\" ><p>Wir reparieren im speziellen Aufschmelzverfahren die Lauffl\u00e4che Deiner Ski und versehen sie mit einer Struktur, um die Dreh- &#038; Gleiteigenschaften Deiner Ski bzw. Deines Boards zu verbessern. Au\u00dferdem schleifen wir in unserem <strong>Snowboard- oder Skiservice<\/strong> die Kanten im optimalen Winkel und wachsen den Belag maschinell oder per Hand, um ihn im Anschluss zu b\u00fcrsten und zu polieren.<\/p>\n<p>Dar\u00fcber hinaus kannst Du in unserer Skiwerkstatt die Ski- und Snowboard-Bindung montieren und individuell auf dich einstellen lassen. Wir arbeiten mit hochmodernen Maschinen der <a title=\"Professionelle Maschinen f\u00fcr den Skiservice\" href=\"https:\/\/www.wintersteiger.com\/de\/Home\" target=\"_blank\" rel=\"noopener noreferrer\">Marke Wintersteiger<\/a>. Mit der Kombination aus Leidenschaft sowie langj\u00e4hrige Erfahrung im Wintersport und Snowboard-Service bieten wir h\u00f6chste Qualit\u00e4t im Skiservice. Unser exklusiver Hol- und Bringeservice ist perfekt f\u00fcr Berufst\u00e4tige, Vereine und Familien. Und solltest Du es mal ganz eilig haben, bieten wir auch einen 24h Express-Skiservice in unserer Skiwerkstatt an.<\/p>\n<p>Wir sind rund um die Uhr telefonisch erreichbar und nach Vereinbarung auch vor Ort in der Skiwerkstatt in Pirna, OT Graupa anzutreffen. Wir freuen uns auf Dich und Deine Ski oder Dein Snowboard.<\/p>\n<\/div><\/div><footer class=\"entry-footer\"><\/footer><\/article><\/div>\n\n","protected":false},"excerpt":{"rendered":"","protected":false},"author":1,"featured_media":0,"parent":0,"menu_order":0,"comment_status":"closed","ping_status":"open","template":"","meta":{"footnotes":""},"class_list":["post-2","page","type-page","status-publish","hentry"],"_links":{"self":[{"href":"http:\/\/skiwerkstatt-pirna.de\/cms\/wp-json\/wp\/v2\/pages\/2","targetHints":{"allow":["GET"]}}],"collection":[{"href":"http:\/\/skiwerkstatt-pirna.de\/cms\/wp-json\/wp\/v2\/pages"}],"about":[{"href":"http:\/\/skiwerkstatt-pirna.de\/cms\/wp-json\/wp\/v2\/types\/page"}],"author":[{"embeddable":true,"href":"http:\/\/skiwerkstatt-pirna.de\/cms\/wp-json\/wp\/v2\/users\/1"}],"replies":[{"embeddable":true,"href":"http:\/\/skiwerkstatt-pirna.de\/cms\/wp-json\/wp\/v2\/comments?post=2"}],"version-history":[{"count":63,"href":"http:\/\/skiwerkstatt-pirna.de\/cms\/wp-json\/wp\/v2\/pages\/2\/revisions"}],"predecessor-version":[{"id":576,"href":"http:\/\/skiwerkstatt-pirna.de\/cms\/wp-json\/wp\/v2\/pages\/2\/revisions\/576"}],"wp:attachment":[{"href":"http:\/\/skiwerkstatt-pirna.de\/cms\/wp-json\/wp\/v2\/media?parent=2"}],"curies":[{"name":"wp","href":"https:\/\/api.w.org\/{rel}","templated":true}]}}